-102)/(-12) + 1/(-2). Suppose -4 = 2*x - 4*x. What is the greatest common divisor of x and v?
2
Let v(k) = 12*k - 4. Let u be v(5). Let g be 2*1*(-49)/(-2). Suppose -5*a + g = -21. What is the greatest common factor of a and u?
14
Let u be (4 + -3)*(-4)/(-6)*9. Calculate the highest common factor of 48 and u.
6
Suppose a - 4*j = -32, -a - 5*j - 15 = 17. Let l = a + 68. What is the greatest common factor of 54 and l?
18
Let t be 6/(-21) - 26/7. Let a be (-22)/(-8) - 1/t. Suppose -3 = -0*b - a*b, 2*y + 4*b = 84. What is the highest common factor of y and 5?
5
Let o = 162 + -18. What is the highest common divisor of o and 36?
36
Suppose 28 = 3*s - 14. Calculate the highest common factor of 154 and s.
14
Let w = 18 - 9. Calculate the greatest common factor of 9 and w.
9
Let t = 10 - 55. Let j be ((-36)/(-42))/((-1)/(-77)). Let w = t + j. Calculate the greatest common factor of 189 and w.
21
Let m(n) = -n + 24. Let w be m(5). Let q(a) = a**2 - a + 4. Let p be q(0). Suppose w = g + p. What is the highest common factor of g and 6?
3
Let m(u) = 4*u + 9. Let i be m(18). What is the highest common factor of i and 9?
9
Let j = 63 - -1. Let o be ((-16)/(-10))/(4/10). Suppose -3*l + 28 = o. Calculate the highest common factor of l and j.
8
Suppose 8 + 7 = 5*y, -6 = -i - y. What is the greatest common divisor of 3 and i?
3
Let h(q) = -183*q - 1. Let r be h(2). Let t = r + 520. Suppose 5*b - 152 = -3*u, 2*u - t = -5*b - 5. What is the greatest common factor of 42 and b?
14
Suppose -11*t + 2*t = -297. What is the greatest common divisor of t and 11?
11
Let n(r) = r + 11. Suppose 6*p = 2*p - 20. Let w be n(p). Calculate the highest common factor of 54 and w.
6
Suppose y + 0*u + u = 0, -3*u = 5*y - 8. What is the greatest common divisor of y and 4?
4
Let q(c) = -c**2 - 7*c + 4. Let k be q(-8). Let v be k/(-6) - (-8)/(-12). Suppose v = 3*d + d - 4. Calculate the highest common factor of 7 and d.
1
Suppose -3*l - 16 = -5*l - m, -5*m - 19 = -l. Let p = 23 - l. Let u be p + (-1 - -3)*-1. Calculate the highest common divisor of 96 and u.
12
Let a be ((-12)/(-6) - 9)*13/(-1). What is the highest common divisor of a and 13?
13
Let v be 4/3*9/6. Suppose 3*m = 3*c - 0*m - 168, 2*c - 92 = -v*m. What is the greatest common divisor of c and 17?
17
Let b be ((-16)/(-5))/(10/25). Suppose 0 = 3*t - 1 - 23. What is the highest common factor of b and t?
8
Let b = 7 + -6. Calculate the greatest common divisor of 1 and b.
1
Let u be 21/(-12) - (-1)/(-4). Let w = u - -7. Suppose -w*r + 25 = -q, 0*q - q - 5 = 0. Calculate the highest common divisor of r and 8.
4
Suppose a - 5*a = 0. Suppose -28 = -2*m - 4*l, a = 4*m - 4*l - 34 - 22. What is the highest common divisor of m and 98?
14
Let u(k) = k**3 + 3*k**2 + 3*k + 5. Let c(x) = x**2. Let a(i) = 3*c(i) + u(i). Let l be a(-5). Calculate the greatest common factor of 3 and l.
3
Let k = -1 - -1. Let i(j) = j + 4. Let f be i(k). Suppose -5*a = f*m - 55, 0 = 4*m - a + 3*a - 70. What is the highest common divisor of 180 and m?
20
Let s be (-1)/1 + 0 + 3. What is the highest common divisor of s and 2?
2
Suppose 6 = -a - a. Let y be 36 + a + -3 + 0. What is the greatest common divisor of 5 and y?
5
Let v be 48/(-2)*(-21)/28. Let t be (-427)/(-63) + 4/v. Calculate the highest common factor of 49 and t.
7
Let c(g) = 7*g + 2. Let o be c(2). Let p = 40 - o. What is the greatest common divisor of 36 and p?
12
Let g be 80/(-25) - 1/(-5). Let d be -1 - (-6)/2 - g. Calculate the greatest common factor of 15 and d.
5
Let b(o) = 5*o**2 - 4*o + 3. Let t be b(3). Suppose 3*y + 5*v - 250 = 0, 11 = -2*v + 3. What is the greatest common factor of y and t?
18
Suppose o = 4*w + 805 - 12, -5*o + 4003 = -w. Suppose -3*c = -o - 219. Suppose -3*t = t - c. What is the highest common divisor of 34 and t?
17
Suppose 39 = 20*o - 7*o. What is the highest common divisor of 57 and o?
3
Suppose 8*a - 9 = 7. Calculate the highest common divisor of a and 5.
1
Let u be 2/2*(2 + -1). Let v be (u + 1)*(-2)/(-4). Calculate the greatest common factor of 9 and v.
1
Let o = -2 - -4. Let a be 6*11/o + 3. Suppose 0 = 3*y - 3*v - 21, -3*v + 15 = -0*y + y. Calculate the greatest common factor of a and y.
9
Suppose 3*y + 2*y = n + 160, 2*n = -5*y + 175. What is the greatest common divisor of y and 3?
3
Let o(n) = n - 1. Let q be o(6). Suppose 171 + 129 = q*g. Calculate the highest common divisor of g and 15.
15
Suppose 2*b = 4*m + 128, 5*b = 3*m + m + 308. Suppose 4*y - 4*x = -0*x + b, -5*x - 20 = 0. Calculate the greatest common factor of y and 99.
11
Let o be (3/4*7)/(3/32). What is the highest common factor of o and 32?
8
Suppose -14 = 3*d + 5*n + 14, -n - 3 = -2*d. Let g = d + 17. Calculate the greatest common factor of 64 and g.
16
Let o = 3 + -1. Suppose 0*c - 88 = o*c. Let n be 1*-12*c/6. What is the greatest common divisor of n and 22?
22
Suppose 154 = f + 3*k, -308 = -3*f + f + 5*k. What is the greatest common factor of f and 14?
14
Let v be (-19)/(-1) + (-6)/(-2). What is the highest common divisor of 242 and v?
22
Let x = -1 - -3. Calculate the highest common factor of 14 and x.
2
Let n be -34*1/(1/(-1)). Suppose 3*z = -4*f + 192, 0*f - 4*f = -2*z - 212. Calculate the highest common divisor of f and n.
17
Let n(f) = f**3 + 6*f**2 - 7*f - 1. Let m be n(-7). Let u be (m/(-3))/(-1)*-3. Calculate the greatest common divisor of 1 and u.
1
Suppose 0 = 6*q - 4*q - 2*x - 14, -2*x + 6 = 3*q. Suppose -2*c = -3*w + 2*w + 16, -4*w + 44 = -4*c. What is the highest common factor of q and w?
2
Let b = -11 - -7. Let m be (b/8)/((-1)/6). Calculate the highest common divisor of 27 and m.
3
Let a = -28 - -57. What is the highest common divisor of 145 and a?
29
Suppose -h - 4*h = -135. Calculate the highest common divisor of h and 27.
27
Let b be ((-6)/9)/(2/(-6)). Let r = b + -2. Suppose r = -3*k - 4 + 94. Calculate the highest common divisor of 45 and k.
15
Let p(b) = 61*b**2 - b. Let u be p(1). Let o(v) = 19*v**3 - v - 1. Let t be o(-1). Let i = -7 - t. What is the highest common divisor of u and i?
12
Let v(x) = x**3 + 5*x**2 - 9*x - 3. Let j be v(-6). Suppose 0 = 3*c + 2*c - 675. What is the highest common factor of c and j?
15
Let v(o) = o**3 + 5*o**2 + 4*o + 3. Let u be v(-4). Suppose u + 12 = 3*x. Calculate the highest common factor of x and 30.
5
Let l = 15 + -7. What is the greatest common factor of l and 72?
8
Suppose -9 = 5*m - 29. Let u(d) = -d**3 + 4*d**2 + 3*d + 1. Let l be u(m). What is the highest common factor of 26 and l?
13
Let s be (3 - -278) + (-8)/(1 + 3). Calculate the highest common factor of s and 9.
9
Let s be (-369)/(-72) - (-1)/(-8). What is the greatest common factor of s and 55?
5
Let r(i) = i**2 + 3*i + 10. Let l be r(-8). Calculate the greatest common divisor of 20 and l.
10
Let c be 1/(3 + -2 - 0). Let i be c - (-2 - -1) - -9. Let x = -9 + i. What is the greatest common factor of 14 and x?
2
Suppose -4*p + 731 + 969 = 0. Calculate the highest common divisor of p and 25.
25
Let j be 3 + 3/(-1) + 9. Let z be 33/j - 2/(-6). Let t be 1/(6/z)*21. What is the greatest common divisor of t and 14?
14
Let w be (-3)/(-3)*6*1. What is the greatest common factor of w and 66?
6
Let s(u) = -u**3 + u**2 + u + 110. Let h be s(0). Suppose -2*m - 3*d = -71, -3*d = -4*m + 279 - h. Calculate the greatest common divisor of 10 and m.
10
Let g(u) = -u**3 - 9*u**2 - 9*u + 1. Let x be g(-8). What is the greatest common divisor of x and 63?
9
Let i = 29 + 13. What is the greatest common divisor of i and 6?
6
Suppose -1 = f - 19. Let b(z) = -z**2 + z + 2. Let n be b(2). Suppose n*w - 3*w = -18. What is the highest common factor of w and f?
6
Suppose 0 = 16*x - 33 - 15. What is the highest common factor of 12 and x?
3
Let p be (-2)/(-10) + 657/15. Let r = -3 - -7. Calculate the greatest common divisor of p and r.
4
Let r be 96*((-3)/6 - -1). Suppose 4*s = -s + 80. What is the highest common factor of r and s?
16
Let q = 14 + -7. Suppose -q - 15 = -2*u. What is the highest common factor of u and 55?
11
Let v = 17 - 34. Let o be ((-1)/(-3))/(6/1962). Let m = o - v. Calculate the highest common factor of 14 and m.
14
Suppose 4*r = 7*r - 27. Calculate the greatest common factor of 1 and r.
1
Let k(n) = -7*n + 2. Let l be k(-2). Let y = 28 - l. Calculate the highest common factor of 4